inder when 71011 is divided by 433.
432
Calculate the remainder when 14311 is divided by 8.
7
Calculate the remainder when 309162 is divided by 13.
9
What is the remainder when 17517 is divided by 95?
37
Calculate the remainder when 7920 is divided by 3954.
12
Calculate the remainder when 317572 is divided by 18.
16
What is the remainder when 8314 is divided by 365?
284
What is the remainder when 457 is divided by 93?
85
What is the remainder when 3378 is divided by 191?
131
Calculate the remainder when 17376 is divided by 31.
16
Calculate the remainder when 104989 is divided by 16.
13
What is the remainder when 4458 is divided by 2227?
4
What is the remainder when 22999 is divided by 23?
22
What is the remainder when 2145 is divided by 426?
15
What is the remainder when 74640 is divided by 14907?
105
What is the remainder when 7019 is divided by 1167?
17
What is the remainder when 34778 is divided by 370?
368
Calculate the remainder when 29498 is divided by 29489.
9
What is the remainder when 7968 is divided by 20?
8
What is the remainder when 13857 is divided by 3456?
33
Calculate the remainder when 14803 is divided by 163.
133
What is the remainder when 149071 is divided by 335?
331
What is the remainder when 2194 is divided by 431?
39
What is the remainder when 2334 is divided by 1166?
2
Calculate the remainder when 44534 is divided by 22265.
4
What is the remainder when 996568 is divided by 19?
18
What is the remainder when 7000 is divided by 43?
34
What is the remainder when 8000 is divided by 1143?
1142
Calculate the remainder when 124044 is divided by 169.
167
What is the remainder when 187958 is divided by 205?
178
What is the remainder when 2266 is divided by 670?
256
Calculate the remainder when 10939 is divided by 122.
81
Calculate the remainder when 79159 is divided by 40.
39
What is the remainder when 67165 is divided by 4477?
10
What is the remainder when 237465 is divided by 167?
158
What is the remainder when 7260 is divided by 796?
96
What is the remainder when 11773 is divided by 5879?
15
What is the remainder when 2042 is divided by 153?
53
What is the remainder when 35101 is divided by 2893?
385
Calculate the remainder when 12609 is divided by 2510.
59
What is the remainder when 16533 is divided by 5504?
21
What is the remainder when 264 is divided by 75?
39
Calculate the remainder when 42522 is divided by 189.
186
Calculate the remainder when 266 is divided by 57.
38
Calculate the remainder when 366 is divided by 10.
6
What is the remainder when 601380 is divided by 994?
10
What is the remainder when 62884 is divided by 446?
444
Calculate the remainder when 30604 is divided by 5097.
22
Calculate the remainder when 17284 is divided by 2463.
43
Calculate the remainder when 39752 is divided by 50.
2
Calculate the remainder when 7251 is divided by 796.
87
Calculate the remainder when 36523 is divided by 664.
3
What is the remainder when 103075 is divided by 20613?
10
What is the remainder when 28701 is divided by 4776?
45
What is the remainder when 36462 is divided by 18225?
12
Calculate the remainder when 5686 is divided by 467.
82
What is the remainder when 165 is divided by 150?
15
Calculate the remainder when 99748 is divided by 45.
28
What is the remainder when 545223 is divided by 181741?
0
Calculate the remainder when 3577484 is divided by 41.
29
Calculate the remainder when 390 is divided by 22.
16
What is the remainder when 24821 is divided by 577?
10
Calculate the remainder when 863 is divided by 32.
31
What is the remainder when 130758 is divided by 26147?
23
What is the remainder when 496 is divided by 227?
42
Calculate the remainder when 556610 is divided by 1111.
1110
What is the remainder when 7912 is divided by 197?
32
What is the remainder when 17437 is divided by 2835?
427
Calculate the remainder when 9780 is divided by 143.
56
What is the remainder when 13039 is divided by 133?
5
What is the remainder when 328385 is divided by 229?
228
Calculate the remainder when 15037 is divided by 16.
13
What is the remainder when 6432116 is divided by 77?
75
What is the remainder when 15732 is divided by 185?
7
What is the remainder when 226444 is divided by 145?
99
What is the remainder when 158964 is divided by 61?
59
What is the remainder when 27407 is divided by 55?
17
Calculate the remainder when 98343 is divided by 98318.
25
What is the remainder when 3142 is divided by 2993?
149
Calculate the remainder when 2002 is divided by 42.
28
Calculate the remainder when 91292 is divided by 15215.
2
What is the remainder when 172604 is divided by 22?
14
Calculate the remainder when 115 is divided by 62.
53
What is the remainder when 94641 is divided by 31545?
6
What is the remainder when 59978 is divided by 4?
2
Calculate the remainder when 91708 is divided by 6550.
8
Calculate the remainder when 4913 is divided by 51.
17
Calculate the remainder when 83914 is divided by 21.
19
Calculate the remainder when 1285882 is divided by 41.
40
Calculate the remainder when 6496 is divided by 1591.
132
Calculate the remainder when 11546 is divided by 1432.
90
What is the remainder when 47462 is divided by 3?
2
Calculate the remainder when 2668 is divided by 439.
34
What is the remainder when 505532 is divided by 24?
20
Calculate the remainder when 3114 is divided by 967.
213
Calculate the remainder when 4519809 is divided by 11.
8
What is the remainder when 98301 is divided by 256?
253
Calculate the remainder when 14517 is divided by 72.
45
Calculate the remainder when 18675 is divided by 154.
41
Calculate the remainder when 22556 is divided by 1331.
1260
What is the remainder when 10216 is divided by 262?
260
Calculate the remainder when 15257 is divided by 693.
11
What is the remainder when 581550 is divided by 591?
6
Calculate the remainder when 110536 is divided by 207.
205
What is the remainder when 7642 is divided by 294?
292
What is the remainder when 8223 is divided by 46?
35
What is the remainder when 7375 is divided by 427?
116
What is the remainder when 139947 is divided by 593?
592
Calculate the remainder when 23213 is divided by 66.
47
Calculate the remainder when 13037 is divided by 173.
62
What is the remainder when 49071 is divided by 4901?
61
What is the remainder when 6274 is divided by 95?
4
What is the remainder when 494171 is divided by 311?
303
Calculate the remainder when 495 is divided by 234.
27
Calculate the remainder when 1141672 is divided by 23.
21
What is the remainder when 35711 is divided by 5089?
88
What is the remainder when 17881 is divided by 388?
33
What is the remainder when 1617 is divided by 389?
61
What is the remainder when 1181090 is divided by 47?
27
What is the remainder when 185399 is divided by 287?
284
Calculate the remainder when 1802 is divided by 101.
85
What is the remainder when 361829 is divided by 31?
28
What is the remainder when 5400 is divided by 40?
0
What is the remainder when 75235 is divided by 12?
7
Calculate the remainder when 5633 is divided by 621.
44
Calculate the remainder when 41292 is divided by 39.
30
What is the remainder when 248553 is divided by 132?
129
What is the remainder when 3367 is divided by 377?
351
What is the remainder when 2150 is divided by 535?
10
What is the remainder when 18997 is divided by 4715?
137
Calculate the remainder when 15355 is divided by 33.
10
Calculate the remainder when 48097 is divided by 74.
71
Calculate the remainder when 484 is divided by 6.
4
Calculate the remainder when 489 is divided by 270.
219
Calculate the remainder when 3338 is divided by 25.
13
Calculate the remainder when 150 is divided by 136.
14
What is the remainder when 1811 is divided by 14?
5
What is the remainder when 281560 is divided by 203?
202
What is the remainder when 6645 is divided by 3295?
55
Calculate the remainder when 5010 is divided by 412.
66
What is the remainder when 3297 is divided by 536?
81
Calculate the remainder when 58666 is divided by 126.
76
What is the remainder when 2439 is divided by 1219?
1
Calculate the remainder when 839834 is divided by 143.
138
What is the remainder when 810 is divided by 800?
10
Calculate the remainder when 4266 is divided by 2662.
1604
Calculate the remainder when 2618 is divided by 727.
437
What is the rem